).
-96
Let s(v) = -v**2 - 20*v - 82. Give s(-14).
2
Let x(s) = -s**3 - 12*s**2 - 19*s - 8. Calculate x(-10).
-18
Let r(f) = -f**2 - 16*f + 2. What is r(-16)?
2
Let v(s) = -4*s + 9. What is v(5)?
-11
Let k(v) = v**2 - v - 7. What is k(-4)?
13
Let b(a) = -a + 4. What is b(-10)?
14
Let f(c) = -c**3 - 4*c**2 + 11*c - 3. Determine f(-6).
3
Let l(h) = h**3 + 14*h**2 + 4. What is l(-14)?
4
Let j(g) = 9*g**2 - 8*g - 1. Calculate j(3).
56
Let r(m) = -4*m**2 - 12*m + 11. Determine r(-5).
-29
Let d(z) = -z**2 - 7*z + 34. What is d(4)?
-10
Let d(u) = u - 4. Determine d(-9).
-13
Let l(p) = -5*p**2 - 186*p - 31. What is l(-37)?
6
Let b(g) = g**2 - 16*g - 15. Calculate b(15).
-30
Let u(v) = -v**3 + 5*v**2 + 3*v + 5. Determine u(5).
20
Let l(c) = -c**2 + 7*c - 9. Calculate l(5).
1
Let f(m) = 6*m**2 - 3*m + 4. Determine f(2).
22
Let k(b) = -b**2 + 9*b - 7. Give k(6).
11
Let w(s) = 11*s + 229. Calculate w(-21).
-2
Let d(a) = -a**3 + 7*a**2 - a + 12. Determine d(6).
42
Let q(a) = -2*a - 1. What is q(7)?
-15
Let k(t) = t**2 - 3*t + 9. Determine k(7).
37
Let h(s) = -s**2 - 12*s + 13. What is h(-12)?
13
Let d(p) = -p - 15. What is d(-10)?
-5
Let b(c) = -c**3 - 10*c**2 + 13*c + 27. Calculate b(-11).
5
Let a(b) = -b**2 + 4*b + 13. What is a(7)?
-8
Let b(k) = 30*k**2 - k. Determine b(1).
29
Let h(z) = -z**3 + 12*z**2 - 10*z - 2. Determine h(10).
98
Let u(n) = n**3 - 7*n**2 - 2*n + 15. Determine u(7).
1
Let f(q) = -10*q**2 - 2*q + 10. Calculate f(2).
-34
Let h(q) = -31*q - 3. Calculate h(2).
-65
Let k(c) = -4*c - 1. Calculate k(5).
-21
Let v(k) = 39*k - 272. Determine v(7).
1
Let r(o) = -3*o**2 - 8*o - 7. Determine r(-5).
-42
Let w(x) = x + 10. What is w(10)?
20
Let w(t) = -49*t - 266. Give w(-6).
28
Let q(u) = -2*u**2 - 25*u + 15. Determine q(-13).
2
Let x(h) = -6*h + 85. Calculate x(15).
-5
Let b(y) = y**3 - 5*y**2 - 2*y - 17. Calculate b(6).
7
Let d(g) = g**2 + 6*g + 2. Give d(-9).
29
Let y(x) = -x**3 + 2*x**2 + 31*x - 16. Give y(-5).
4
Let v(q) = -q**3 + 10*q**2 + 6. What is v(10)?
6
Let i(u) = u + 11. What is i(-13)?
-2
Let o(x) = -2*x**2 - 33*x + 36. What is o(-17)?
19
Let v(t) = 4*t**2 + 105*t + 18. What is v(-26)?
-8
Let u(y) = -4*y - 25. What is u(-5)?
-5
Let d(n) = n**3 - 6*n**2 - n - 1. Determine d(5).
-31
Let c(u) = u**3 - 5*u**2 - u + 6. What is c(5)?
1
Let t(q) = q**2 + 6*q - 4. Determine t(-7).
3
Let s(z) = z**3 - 11*z**2 - 9*z - 10. Calculate s(12).
26
Let k(t) = t**2 - 9*t + 10. What is k(5)?
-10
Let r(o) = 9*o**2 + 178*o - 36. Calculate r(-20).
4
Let p(t) = -t**2 - t + 4. What is p(3)?
-8
Let i(s) = -17*s**2 + 21*s - 2. Determine i(1).
2
Let n(a) = -15*a - 2. Calculate n(-2).
28
Let h(x) = -2*x**2 + 11*x - 4. Give h(5).
1
Let y(m) = -m**2 + 2*m + 54. Determine y(17).
-201
Let k(j) = 3*j**3 + 3*j - 3. Calculate k(1).
3
Let n(o) = -o**3 - 4*o**2 + 3*o - 4. Determine n(-4).
-16
Let v(n) = n**2 + 8*n + 9. Calculate v(-4).
-7
Let x(w) = w**3 - 5*w**2 + 7*w + 3. Calculate x(4).
15
Let i(b) = 191*b + 576. Give i(-3).
3
Let b(f) = 8*f - 302. Determine b(39).
10
Let z(t) = -11*t**2 - 2*t + 1. Determine z(1).
-12
Let b(g) = -2*g - 4. Determine b(1).
-6
Let z(v) = -v**2 - 3*v - 22. Give z(-7).
-50
Let s(i) = -i - 8. What is s(-7)?
-1
Let i(j) = -4*j**2 + 28*j + 7. Give i(7).
7
Let h(i) = i**3 - 14. Give h(0).
-14
Let p(f) = 50*f**3 - f**2 - f. Calculate p(-1).
-50
Let m(s) = -s**3 - 7*s**2 - 6*s + 6. Give m(-5).
-14
Let z(d) = d**2 - 11*d + 18. Determine z(8).
-6
Let l(t) = -6*t + 4. What is l(0)?
4
Let r(k) = -18*k**2 - 8*k - 21. What is r(-2)?
-77
Let i(d) = -5*d**2 + 29*d. What is i(6)?
-6
Let i(b) = b**2 - 170. Calculate i(-13).
-1
Let b(u) = -u**3 - u + 3. Give b(2).
-7
Let r(o) = 3*o**3 + 3*o**2 - o - 1. Give r(-3).
-52
Let n(j) = j**3 - 13*j**2 - 4*j - 134. Calculate n(14).
6
Let h(o) = o**2 - 26*o + 173. Give h(13).
4
Let n(a) = -2*a + 20. What is n(10)?
0
Let j(l) = -3*l**2 + 1. Give j(1).
-2
Let g(k) = -2*k - 67. Give g(-8).
-51
Let g(t) = t**3 + 10*t**2 + 6*t - 31. What is g(-9)?
-4
Let s(y) = 2*y**2 + 8. Give s(4).
40
Let q(b) = -b**2 + 9*b + 3. Give q(9).
3
Let p(y) = y - 17. Give p(9).
-8
Let p(i) = -3*i - 1. Calculate p(-1).
2
Let w(t) = -3*t**2 - t + 12. Calculate w(6).
-102
Let k(s) = -s**3 + 10*s**2 - 27*s + 9. Give k(5).
-1
Let q(r) = -r**2 - 17*r + 12. Give q(-17).
12
Let n(u) = u**2 + 10*u - 8. Determine n(-11).
3
Let v(u) = -u**2 + 22*u + 25. Calculate v(23).
2
Let r(q) = -3*q**2 + q + 4. Determine r(3).
-20
Let c(k) = -k**2 + k + 10. What is c(0)?
10
Let i(f) = -7*f + 30. Determine i(4).
2
Let s(q) = q**2 + 9*q - 67. What is s(-14)?
3
Let k(p) = -p**3 - 18*p**2 + 63*p - 22. Give k(-21).
-22
Let y(j) = 2*j**3 + j**2 - 2*j + 7. Calculate y(0).
7
Let s(a) = a**3 + 12*a**2 - 2*a + 16. Give s(-13).
-127
Let n(j) = -j**3 - 5*j**2 - 2*j - 3. Give n(-5).
7
Let r(y) = y**3 + 14*y**2 + 13*y + 4. Give r(-13).
4
Let n(s) = -s**3 + 7*s**2 - 4*s. Determine n(6).
12
Let u(t) = t + 6. What is u(-17)?
-11
Let l(k) = -k**3 - 4*k**2 - 5*k. What is l(-5)?
50
Let q(j) = -j**2 + j + 12. Give q(-3).
0
Let k(l) = -2*l**3 - 2*l**2 + 2*l - 1. What is k(1)?
-3
Let z(u) = u - 15. Calculate z(19).
4
Let y(s) = s**3 - 18*s**2 + 18*s - 8. Determine y(17).
9
Let n(q) = -2*q**2 - 13*q + 106. Determine n(6).
-44
Let l(a) = -a**3 + 6*a**2 - 4*a - 5. Give l(4).
11
Let f(z) = -z**3 + 2*z**2 - 2*z - 10. Determine f(5).
-95
Let q(f) = f**2 - 2*f + 3. What is q(-3)?
18
Let c(r) = 3*r + 1. Determine c(-5).
-14
Let d(n) = 27*n + 200. Give d(-7).
11
Let x(y) = -y**3 + 7*y**2 + 5*y + 19. Determine x(8).
-5
Let x(i) = 3*i**3 - i**2 + 1. Calculate x(2).
21
Let f(o) = o**3 + o**2 - 3*o - 2. What is f(-3)?
-11
Let x(c) = -23*c. What is x(0)?
0
Let j(u) = 6*u + 59. Give j(-18).
-49
Let y(d) = 28*d**3 + d**2 - 9*d - 9. Give y(-1).
-27
Let p(t) = t**2 - 8*t + 31. Give p(5).
16
Let u(f) = -f**2 + 14*f + 25. Determine u(17).
-26
Let s(f) = -f**2 - 4*f - 2. Give s(-6).
-14
Let m(z) = z - 36. Calculate m(6).
-30
Let j(n) = 6*n - 10. Give j(3).
8
Let m(l) = -l**2 + 13*l + 369. Determine m(-14).
-9
Let m(c) = -3*c + 10. Give m(8).
-14
Let y(b) = b - 66. What is y(67)?
1
Let f(t) = -5*t - 4. Give f(-2).
6
Let o(i) = -i**3 - 5*i**2 + 17*i - 4. Give o(-8).
52
Let p(b) = 12*b + 336. Give p(-28).
0
Let t(l) = -l**3 + 19*l**2 - 4*l + 23. What is t(19)?
-53
Let h(y) = -10*y + 4. What is h(-6)?
64
Let k(q) = q**3 + q**2 - 2*q - 4. Determine k(-3).
-16
Let c(r) = r. Give c(-10).
-10
Let a(o) = o + 28. Calculate a(-7).
21
Let l(q) = 16*q - 59. Give l(4).
5
Let t(l) = -11*l - 4. What is t(-3)?
29
Let h(a) = -a**2 + 19*a - 19. Calculate h(18).
-1
Let j(r) = r**2 - 17*r + 1. Calculate j(17).
1
Let v(t) = 12*t**2 + 17*t + 1. Calculate v(-2).
15
Let b(i) = -13*i**2 - 144*i - 3. Give b(-11).
8
Let u(k) = 103*k - 211. What is u(2)?
-5
Let a(u) = 3*u**3 + 25*u**2 + 7*u - 8. Determine a(-8).
0
Let a(f) = f + 8. Calculate a(-9).
-1
Let n(v) = -v**3 - 3*v**2 + 13*v - 7. Determine n(-5).
-22
Let c(i) = i**3 + 6*i**2 - 14*i + 12. What is c(-8)?
-4
Let q(l) = -l**3 - 23*l**2 + 2*l + 49. Determine q(-23).
3
Let j(p) = 3*p**3 - 3*p**2 - 4*p + 3. Give j(2).
7
Let h(b) = -16*b + 40. Give h(6).
-56
Let a(s) = 2*s**2 - 30*s + 104. Determine a(4).
16
Let i(t) = 13*t - 1. Calculate i(5).
64
Let p(c) = -2*c**2 + 3*c + 6. Calculate p(5).
-29
Let k(a) = -a**3 - 3*a**2 - 2*a - 1. Determine k(-3).
5
Let g(t) = -t**3 + t**2 + 2*t - 2. Calculate g(2).
-2
Let m(o) = -o**2 + 8*o - 7. What is m(5)?
8
Let k(f) = -3*f - 34. Calculate k(-11).
-1
Let w(j) = -j**3 - 9*j**2 + 3*j + 7. Determine w(-9).
-20
Let t(m) = m**3 - 4*m**2 - 6*m + 20. Determine t(4).
-4
Let a(u) = 3*u**2 + 2*u - 6. Determine a(-3).
15
Let i(a) = -128*a**3 + a + 1. Give i(-1).
128
Let d(q) = -q**3 - 8*q**2 + q + 17. Determine d(-7).
-39
Let o(j) = 3*j**2 + 31*j - 89. Determine o(-13).
15
Let v(y) = y**2 - 5*y + 12. Give v(-8).
116
Let j(i) = -i**3 + 9*i**2 - 8*i - 5. Determine j(8).
-5
Let d(u) = -2*u + 18. What is d(-15)?
48
Let d(v) = -v**2 - 16*v - 26. Give d(-12).
22
Let x(j) = 3*j - 11. Determine x(-5).
-26
Let u(k) = -2*k**2 + 5. Calculate u(0).
5
Let m(d) = 5*d + 45. Determine m(-21).
-60
Let w(p) = 15*p**3 - 2*p - 1. Determine w(-1).
-14
Let b(a) = -a**2 + 9*a + 11. What is b(8)?
19
Let u(p) = 31*p - 370. Give u(12).
2
Let h(c) = -c**3 + 8*c**2 - 2*c + 1. D